{"id":1360,"date":"2020-04-18T19:03:13","date_gmt":"2020-04-18T22:03:13","guid":{"rendered":"http:\/\/www.logmans.com.br\/site\/?page_id=1360"},"modified":"2020-11-17T15:56:51","modified_gmt":"2020-11-17T18:56:51","slug":"a-logmans","status":"publish","type":"page","link":"https:\/\/www.logmans.com.br\/site\/a-logmans\/","title":{"rendered":"A Logmans"},"content":{"rendered":"<p>[vc_row full_width=&#8221;stretch_row_content&#8221; equal_height=&#8221;yes&#8221; css=&#8221;.vc_custom_1587418412016{margin-top: -100px !important;margin-bottom: 0px !important;padding-bottom: 0px !important;background-image: url(http:\/\/www.logmans.com.br\/site\/wp-content\/uploads\/2020\/04\/slice-12.jpg?id=1485) !important;background-position: center !important;background-repeat: no-repeat !important;background-size: cover !important;}&#8221; el_class=&#8221;new-qf-bottom-margin&#8221;][vc_column]<div id=\"fullwidth-block-69ea0ac3d6959\" class=\"fullwidth-block clearfix\"  style=\"padding-top: 80px;\"><script type=\"text\/javascript\">if (typeof(gem_fix_fullwidth_position) == \"function\") { gem_fix_fullwidth_position(document.getElementById(\"fullwidth-block-69ea0ac3d6959\")); }<\/script><div class=\"fullwidth-block-inner\"><div class=\"container\">[vc_row_inner equal_height=&#8221;yes&#8221; css=&#8221;.vc_custom_1587249169894{padding-right: 100px !important;padding-left: 100px !important;}&#8221; el_id=&#8221;sobre-nos&#8221;][vc_column_inner width=&#8221;1\/3&#8243;][vc_single_image image=&#8221;1428&#8243; img_size=&#8221;full&#8221;][\/vc_column_inner][vc_column_inner width=&#8221;2\/3&#8243;][vc_column_text css_animation=&#8221;fadeIn&#8221; css=&#8221;.vc_custom_1587247530609{margin-top: -20px !important;}&#8221;]<\/p>\n<h4 style=\"text-align: left;\">SObre n\u00f3s<\/h4>\n<p>[\/vc_column_text][vc_empty_space height=&#8221;15px&#8221;][vc_column_text css_animation=&#8221;fadeIn&#8221; css=&#8221;.vc_custom_1605638922911{margin-top: -20px !important;}&#8221;]<\/p>\n<div class=\"page\" title=\"Page 1\">\n<div class=\"layoutArea\">\n<div class=\"column\">\n<p>Fundada em 2009, a Logmans \u00e9 uma empresa de terceiriza\u00e7\u00e3o de servi\u00e7os e desenvolvimento humano e tecnol\u00f3gico. Somos focados em ajudar seu neg\u00f3cio a se desenvolver de forma pr\u00f3spera e segura. Assim, seguimos com o prop\u00f3sito de atender aos nossos clientes com o fornecimento de m\u00e3o de obra e produtos de alta qualidade, dando a eles a capacidade de focar em opera\u00e7\u00f5es mais cr\u00edticas do seu dia a dia.<br \/>\nAs principais solu\u00e7\u00f5es que oferecemos para o mercado s\u00e3o para apoio administrativo, limpeza, conserva\u00e7\u00e3o, manuten\u00e7\u00e3o predial, material el\u00e9trico, hidr\u00e1ulico e ferramentas de alta performance.<\/p>\n<p>Quer conhecer mais sobre nossos servi\u00e7os?<br \/>\nEnt\u00e3o <a href=\"https:\/\/www.logmans.com.br\/site\/#servicos\">clique aqui<\/a> para ver tudo o que oferecemos para te ajudar a alcan\u00e7ar o sucesso!<\/p>\n<p>E se j\u00e1 quer come\u00e7ar a se diferenciar no mercado, <a href=\"https:\/\/www.logmans.com.br\/site\/orcamento\/\">pe\u00e7a um or\u00e7amento<\/a>!<\/p>\n<\/div>\n<\/div>\n<\/div>\n<p>[\/vc_column_text][\/vc_column_inner][\/vc_row_inner]<\/div><\/div><\/div>[vc_empty_space height=&#8221;60px&#8221;][\/vc_column][\/vc_row][vc_row full_width=&#8221;stretch_row_content&#8221; equal_height=&#8221;yes&#8221; css=&#8221;.vc_custom_1587250339154{background-image: url(http:\/\/www.logmans.com.br\/site\/wp-content\/uploads\/2020\/04\/bg_limpeza.png?id=1281) !important;background-position: center !important;background-repeat: no-repeat !important;background-size: cover !important;}&#8221; el_class=&#8221;new-qf-bottom-margin&#8221; el_id=&#8221;missao-visao-valores&#8221;][vc_column]<div id=\"fullwidth-block-69ea0ac3d6b2c\" class=\"fullwidth-block clearfix\"  style=\"padding-top: 80px;\"><script type=\"text\/javascript\">if (typeof(gem_fix_fullwidth_position) == \"function\") { gem_fix_fullwidth_position(document.getElementById(\"fullwidth-block-69ea0ac3d6b2c\")); }<\/script><div class=\"fullwidth-block-inner\"><div class=\"container\">[vc_row_inner equal_height=&#8221;yes&#8221; css=&#8221;.vc_custom_1587249169894{padding-right: 100px !important;padding-left: 100px !important;}&#8221;][vc_column_inner][vc_column_text css_animation=&#8221;fadeIn&#8221; css=&#8221;.vc_custom_1587250236835{margin-top: -20px !important;}&#8221;]<\/p>\n<h4 style=\"text-align: left;\"><span style=\"color: #ffffff;\">Nossa Miss\u00e3o<\/span><\/h4>\n<p>[\/vc_column_text][vc_empty_space height=&#8221;15px&#8221;][vc_column_text css_animation=&#8221;fadeIn&#8221; css=&#8221;.vc_custom_1587250243673{margin-top: -20px !important;}&#8221;]<\/p>\n<div class=\"page\" title=\"Page 1\">\n<div class=\"layoutArea\">\n<div class=\"column\">\n<p style=\"text-align: justify; font-size: 18px;\"><span style=\"color: #ffffff;\">Liberar seus clientes para as suas atividades fins.<\/span><\/p>\n<\/div>\n<\/div>\n<\/div>\n<p>[\/vc_column_text][vc_empty_space height=&#8221;35px&#8221;][vc_column_text css_animation=&#8221;fadeIn&#8221; css=&#8221;.vc_custom_1587250250995{margin-top: -20px !important;}&#8221;]<\/p>\n<h4 style=\"text-align: left;\"><span style=\"color: #ffffff;\">Nossa vis\u00e3o<\/span><\/h4>\n<p>[\/vc_column_text][vc_empty_space height=&#8221;15px&#8221;][vc_column_text css_animation=&#8221;fadeIn&#8221; css=&#8221;.vc_custom_1587250257940{margin-top: -20px !important;}&#8221;]<\/p>\n<div class=\"page\" title=\"Page 1\">\n<div class=\"layoutArea\">\n<div class=\"column\">\n<p style=\"text-align: justify; font-size: 18px;\"><span style=\"color: #ffffff;\">Ser uma refere\u0302ncia em servic\u0327os com responsabilidade e pontualidade.<\/span><\/p>\n<\/div>\n<\/div>\n<\/div>\n<p>[\/vc_column_text][vc_empty_space height=&#8221;35px&#8221;][vc_column_text css_animation=&#8221;fadeIn&#8221; css=&#8221;.vc_custom_1587250387687{margin-top: -20px !important;}&#8221;]<\/p>\n<h4 style=\"text-align: left;\"><span style=\"color: #ffffff;\">Nossos valores<\/span><\/h4>\n<p>[\/vc_column_text][vc_empty_space height=&#8221;15px&#8221;][vc_column_text css_animation=&#8221;fadeIn&#8221; css=&#8221;.vc_custom_1587250295502{margin-top: -20px !important;}&#8221;]<\/p>\n<div class=\"page\" title=\"Page 1\">\n<div class=\"layoutArea\">\n<div class=\"column\">\n<p style=\"text-align: justify; font-size: 18px;\"><span style=\"color: #ffffff;\">\u2022 E\u0301tica, integridade e honestidade.<\/span><br \/>\n<span style=\"color: #ffffff;\">\u2022 Inovac\u0327a\u0303o.<\/span><br \/>\n<span style=\"color: #ffffff;\">\u2022 Preservac\u0327a\u0303o do meio ambiente e sustentabilidade no exerci\u0301cio de sua atividade.<\/span><br \/>\n<span style=\"color: #ffffff;\">\u2022 Seguranc\u0327a e o respeito a\u0300 vida.<\/span><br \/>\n<span style=\"color: #ffffff;\">\u2022 Orgulho de fazer parte da segunda fami\u0301lia \u2013 Logmans compartilhando sucessos e vito\u0301rias e fortalecendo lac\u0327os de amizade e lealdade.<\/span><\/p>\n<\/div>\n<\/div>\n<\/div>\n<p>[\/vc_column_text][\/vc_column_inner][\/vc_row_inner]<\/div><\/div><\/div>[vc_empty_space height=&#8221;60px&#8221;][\/vc_column][\/vc_row][vc_row full_width=&#8221;stretch_row_content&#8221; equal_height=&#8221;yes&#8221; css=&#8221;.vc_custom_1587419489984{margin-bottom: 0px !important;padding-bottom: 0px !important;background-image: url(http:\/\/www.logmans.com.br\/site\/wp-content\/uploads\/2020\/04\/slice-12.jpg?id=1485) !important;background-position: center !important;background-repeat: no-repeat !important;background-size: cover !important;}&#8221; el_class=&#8221;new-qf-bottom-margin&#8221; el_id=&#8221;estrutura-organizacional&#8221;][vc_column]<div id=\"fullwidth-block-69ea0ac3d6cfa\" class=\"fullwidth-block clearfix\"  style=\"padding-top: 80px;\"><script type=\"text\/javascript\">if (typeof(gem_fix_fullwidth_position) == \"function\") { gem_fix_fullwidth_position(document.getElementById(\"fullwidth-block-69ea0ac3d6cfa\")); }<\/script><div class=\"fullwidth-block-inner\"><div class=\"container\">[vc_row_inner equal_height=&#8221;yes&#8221; css=&#8221;.vc_custom_1587249169894{padding-right: 100px !important;padding-left: 100px !important;}&#8221;][vc_column_inner][vc_column_text css_animation=&#8221;fadeIn&#8221; css=&#8221;.vc_custom_1587418311277{margin-top: -20px !important;}&#8221;]<\/p>\n<h4 style=\"text-align: left;\">estrutura organizacional<\/h4>\n<p>[\/vc_column_text][vc_empty_space height=&#8221;15px&#8221;][vc_single_image image=&#8221;1499&#8243; img_size=&#8221;full&#8221;][\/vc_column_inner][\/vc_row_inner]<\/div><\/div><\/div>[vc_empty_space height=&#8221;60px&#8221;][\/vc_column][\/vc_row][vc_row][vc_column][vc_column_text]<span style=\"color: #ffffff;\">Fundada em 2009, a Logmans \u00e9 uma empresa de terceiriza\u00e7\u00e3o de servi\u00e7os e desenvolvimento humano e tecnol\u00f3gico. Somos focados em ajudar seu neg\u00f3cio a se desenvolver de forma pr\u00f3spera e segura. Assim, seguimos com o prop\u00f3sito de atender aos nossos clientes com o fornecimento de m\u00e3o de obra e produtos de alta qualidade, dando a eles a capacidade de focar em opera\u00e7\u00f5es mais cr\u00edticas do seu dia a dia.<\/span><br \/>\n<span style=\"color: #ffffff;\">As principais solu\u00e7\u00f5es que oferecemos para o mercado s\u00e3o para apoio administrativo, limpeza, conserva\u00e7\u00e3o, manuten\u00e7\u00e3o predial, material el\u00e9trico, hidr\u00e1ulico e ferramentas de alta performance.<\/span>[\/vc_column_text][\/vc_column][\/vc_row]<\/p>\n","protected":false},"excerpt":{"rendered":"<p>[vc_row full_width=&#8221;stretch_row_content&#8221; equal_height=&#8221;yes&#8221; css=&#8221;.vc_custom_1587418412016{margin-top: -100px !important;margin-bottom: 0px !important;padding-bottom: 0px !important;background-image: url(http:\/\/www.logmans.com.br\/site\/wp-content\/uploads\/2020\/04\/slice-12.jpg?id=1485) !important;background-position: center !important;background-repeat: no-repeat !important;background-size: cover !important;}&#8221; el_class=&#8221;new-qf-bottom-margin&#8221;][vc_column][vc_empty_space height=&#8221;60px&#8221;][\/vc_column][\/vc_row][vc_row&#8230;<\/p>\n","protected":false},"author":1,"featured_media":0,"parent":0,"menu_order":0,"comment_status":"closed","ping_status":"closed","template":"","meta":[],"yoast_head":"<!-- This site is optimized with the Yoast SEO plugin v15.6.2 - https:\/\/yoast.com\/wordpress\/plugins\/seo\/ -->\n<title>Logmans - Log\u00edstica, Manuten\u00e7\u00e3o, Servi\u00e7os Terceirizados<\/title>\n<meta name=\"description\" content=\"A Logmans \u00e9 a empresa que voc\u00ea precisa para facilitar suas tarefas di\u00e1rias com alta qualidade e profissionais especializados.\" \/>\n<meta name=\"robots\" content=\"index, follow, max-snippet:-1, max-image-preview:large, max-video-preview:-1\" \/>\n<link rel=\"canonical\" href=\"https:\/\/www.logmans.com.br\/site\/a-logmans\/\" \/>\n<meta property=\"og:locale\" content=\"pt_BR\" \/>\n<meta property=\"og:type\" content=\"article\" \/>\n<meta property=\"og:title\" content=\"Logmans - Log\u00edstica, Manuten\u00e7\u00e3o, Servi\u00e7os Terceirizados\" \/>\n<meta property=\"og:description\" content=\"A Logmans \u00e9 a empresa que voc\u00ea precisa para facilitar suas tarefas di\u00e1rias com alta qualidade e profissionais especializados.\" \/>\n<meta property=\"og:url\" content=\"https:\/\/www.logmans.com.br\/site\/a-logmans\/\" \/>\n<meta property=\"og:site_name\" content=\"Logmans\" \/>\n<meta property=\"article:modified_time\" content=\"2020-11-17T18:56:51+00:00\" \/>\n<meta name=\"twitter:card\" content=\"summary_large_image\" \/>\n<meta name=\"twitter:label1\" content=\"Est. reading time\">\n\t<meta name=\"twitter:data1\" content=\"4 minutos\">\n<script type=\"application\/ld+json\" class=\"yoast-schema-graph\">{\"@context\":\"https:\/\/schema.org\",\"@graph\":[{\"@type\":\"WebSite\",\"@id\":\"https:\/\/www.logmans.com.br\/site\/#website\",\"url\":\"https:\/\/www.logmans.com.br\/site\/\",\"name\":\"Logmans\",\"description\":\"\",\"potentialAction\":[{\"@type\":\"SearchAction\",\"target\":\"https:\/\/www.logmans.com.br\/site\/?s={search_term_string}\",\"query-input\":\"required name=search_term_string\"}],\"inLanguage\":\"pt-BR\"},{\"@type\":\"WebPage\",\"@id\":\"https:\/\/www.logmans.com.br\/site\/a-logmans\/#webpage\",\"url\":\"https:\/\/www.logmans.com.br\/site\/a-logmans\/\",\"name\":\"Logmans - Log\\u00edstica, Manuten\\u00e7\\u00e3o, Servi\\u00e7os Terceirizados\",\"isPartOf\":{\"@id\":\"https:\/\/www.logmans.com.br\/site\/#website\"},\"datePublished\":\"2020-04-18T22:03:13+00:00\",\"dateModified\":\"2020-11-17T18:56:51+00:00\",\"description\":\"A Logmans \\u00e9 a empresa que voc\\u00ea precisa para facilitar suas tarefas di\\u00e1rias com alta qualidade e profissionais especializados.\",\"inLanguage\":\"pt-BR\",\"potentialAction\":[{\"@type\":\"ReadAction\",\"target\":[\"https:\/\/www.logmans.com.br\/site\/a-logmans\/\"]}]}]}<\/script>\n<!-- \/ Yoast SEO plugin. -->","_links":{"self":[{"href":"https:\/\/www.logmans.com.br\/site\/wp-json\/wp\/v2\/pages\/1360"}],"collection":[{"href":"https:\/\/www.logmans.com.br\/site\/wp-json\/wp\/v2\/pages"}],"about":[{"href":"https:\/\/www.logmans.com.br\/site\/wp-json\/wp\/v2\/types\/page"}],"author":[{"embeddable":true,"href":"https:\/\/www.logmans.com.br\/site\/wp-json\/wp\/v2\/users\/1"}],"replies":[{"embeddable":true,"href":"https:\/\/www.logmans.com.br\/site\/wp-json\/wp\/v2\/comments?post=1360"}],"version-history":[{"count":68,"href":"https:\/\/www.logmans.com.br\/site\/wp-json\/wp\/v2\/pages\/1360\/revisions"}],"predecessor-version":[{"id":1657,"href":"https:\/\/www.logmans.com.br\/site\/wp-json\/wp\/v2\/pages\/1360\/revisions\/1657"}],"wp:attachment":[{"href":"https:\/\/www.logmans.com.br\/site\/wp-json\/wp\/v2\/media?parent=1360"}],"curies":[{"name":"wp","href":"https:\/\/api.w.org\/{rel}","templated":true}]}}